7?
11, 97
What are the prime factors of 15047?
41, 367
What are the prime factors of 45279?
3, 13, 43
What are the prime factors of 20325?
3, 5, 271
What are the prime factors of 598?
2, 13, 23
List the prime factors of 5202.
2, 3, 17
What are the prime factors of 19794?
2, 3, 3299
List the prime factors of 33531.
3, 11177
List the prime factors of 31573.
31573
What are the prime factors of 37007?
23, 1609
List the prime factors of 43957.
113, 389
What are the prime factors of 206?
2, 103
What are the prime factors of 8504?
2, 1063
List the prime factors of 2518.
2, 1259
What are the prime factors of 15893?
23, 691
List the prime factors of 45249.
3, 15083
List the prime factors of 9667.
7, 1381
List the prime factors of 2906.
2, 1453
What are the prime factors of 2426?
2, 1213
What are the prime factors of 3279?
3, 1093
What are the prime factors of 161155?
5, 167, 193
What are the prime factors of 2682?
2, 3, 149
What are the prime factors of 67973?
101, 673
List the prime factors of 3017.
7, 431
List the prime factors of 9589.
43, 223
List the prime factors of 1052.
2, 263
List the prime factors of 1172.
2, 293
List the prime factors of 45208.
2, 5651
What are the prime factors of 3965?
5, 13, 61
What are the prime factors of 15944?
2, 1993
What are the prime factors of 894?
2, 3, 149
What are the prime factors of 4400?
2, 5, 11
List the prime factors of 1332.
2, 3, 37
List the prime factors of 1972.
2, 17, 29
List the prime factors of 60364.
2, 15091
What are the prime factors of 139194?
2, 3, 11, 19, 37
List the prime factors of 4280.
2, 5, 107
What are the prime factors of 44?
2, 11
List the prime factors of 7780.
2, 5, 389
What are the prime factors of 24878?
2, 7, 1777
List the prime factors of 9355.
5, 1871
List the prime factors of 781.
11, 71
List the prime factors of 2378.
2, 29, 41
What are the prime factors of 11276?
2, 2819
List the prime factors of 800.
2, 5
What are the prime factors of 1402?
2, 701
What are the prime factors of 917?
7, 131
List the prime factors of 1170.
2, 3, 5, 13
List the prime factors of 704.
2, 11
List the prime factors of 270.
2, 3, 5
What are the prime factors of 5475?
3, 5, 73
List the prime factors of 1902.
2, 3, 317
List the prime factors of 1207.
17, 71
List the prime factors of 2818.
2, 1409
What are the prime factors of 888?
2, 3, 37
List the prime factors of 78073.
101, 773
List the prime factors of 279.
3, 31
What are the prime factors of 11693?
11, 1063
List the prime factors of 6155.
5, 1231
List the prime factors of 4056.
2, 3, 13
List the prime factors of 29760.
2, 3, 5, 31
List the prime factors of 18165.
3, 5, 7, 173
What are the prime factors of 9055?
5, 1811
List the prime factors of 1928.
2, 241
List the prime factors of 1991.
11, 181
What are the prime factors of 351?
3, 13
What are the prime factors of 50504?
2, 59, 107
List the prime factors of 22729.
7, 17, 191
List the prime factors of 761.
761
What are the prime factors of 58226?
2, 7, 4159
List the prime factors of 5357.
11, 487
List the prime factors of 3277.
29, 113
List the prime factors of 116512.
2, 11, 331
List the prime factors of 82451.
41, 2011
List the prime factors of 4118.
2, 29, 71
What are the prime factors of 2830?
2, 5, 283
What are the prime factors of 1804?
2, 11, 41
What are the prime factors of 3480?
2, 3, 5, 29
What are the prime factors of 7498?
2, 23, 163
What are the prime factors of 56675?
5, 2267
What are the prime factors of 326?
2, 163
List the prime factors of 2451.
3, 19, 43
What are the prime factors of 9446?
2, 4723
List the prime factors of 10638.
2, 3, 197
What are the prime factors of 16045?
5, 3209
What are the prime factors of 3487?
11, 317
What are the prime factors of 6426?
2, 3, 7, 17
List the prime factors of 386.
2, 193
List the prime factors of 2989.
7, 61
List the prime factors of 7049.
7, 19, 53
What are the prime factors of 9?
3
List the prime factors of 1272.
2, 3, 53
What are the prime factors of 9442?
2, 4721
List the prime factors of 71584.
2, 2237
What are the prime factors of 11674?
2, 13, 449
List the prime factors of 1613.
1613
List the prime factors of 1968.
2, 3, 41
What are the prime factors of 501?
3, 167
What are the prime factors of 223?
223
What are the prime factors of 82011?
3, 27337
List the prime factors of 1052.
2, 263
What are the prime factors of 9520?
2, 5, 7, 17
What are the prime factors of 3947?
3947
List the prime factors of 24650.
2, 5, 17, 29
What are the prime factors of 679?
7, 97
List the prime factors of 1700.
2, 5, 17
What are the prime factors of 16222?
2, 8111
What are the prime factors of 2239?
2239
List the prime factors of 42000.
2, 3, 5, 7
What are the prime factors of 1345?
5, 269
List the prime factors of 7185.
3, 5, 479
List the prime factors of 147.
3, 7
What are the prime factors of 72991?
47, 1553
List the prime factors of 2018.
2, 1009
What are the prime factors of 5712?
2, 3, 7, 17
What are the prime factors of 48?
2, 3
What are the prime factors of 440?
2, 5, 11
List the prime factors of 2233.
7, 11, 29
List the prime factors of 2609.
2609
What are the prime factors of 136124?
2, 34031
What are the prime factors of 635?
5, 127
List the prime factors of 642.
2, 3, 107
What are the prime factors of 1087?
1087
What are the prime factors of 865?
5, 173
What are the prime factors of 15513?
3, 5171
What are the prime factors of 7751?
23, 337
What are the prime factors of 25047?
3, 11, 23
What are the prime factors of 1740?
2, 3, 5, 29
What are the prime factors of 9925?
5, 397
What are the prime factors of 63876?
2, 3, 5323
List the prime factors of 57991.
57991
What are the prime factors of 3357?
3, 373
List the prime factors of 31350.
2, 3, 5, 11, 19
List the prime factors of 2176.
2, 17
List the prime factors of 1048.
2, 131
List the prime factors of 2288.
2, 11, 13
List the prime factors of 6295.
5, 1259
What are the prime factors of 4423?
4423
List the prime factors of 512.
2
List the prime factors of 231.
3, 7, 11
List the prime factors of 6678.
2, 3, 7, 53
List the prime factors of 14891.
14891
List the prime factors of 5100.
2, 3, 5, 17
List the prime factors of 9630.
2, 3, 5, 107
What are the prime factors of 3992?
2, 499
List the prime factors of 1360.
2, 5, 17
What are the prime factors of 766?
2, 383
What are the prime factors of 50032?
2, 53, 59
What are the prime factors of 19066?
2, 9533
List the prime factors of 14220.
2, 3, 5, 79
List the prime factors of 1594.
2, 797
List the prime factors of 14209.
13, 1093
What are the prime factors of 5004?
2, 3, 139
List the prime factors of 62595.
3, 5, 13, 107
List the prime factors of 185.
5, 37
List the prime factors of 105480.
2, 3, 5, 293
List the prime factors of 73184.
2, 2287
What are the prime factors of 1181?
1181
List the prime factors of 860.
2, 5, 43
List the prime factors of 1584.
2, 3, 11
List the prime factors of 2814.
2, 3, 7, 67
What are the prime factors of 3433?
3433
List the prime factors of 11880.
2, 3, 5, 11
What are the prime factors of 2227?
17, 131
What are the prime factors of 2833?
2833
What are the prime factors of 46058?
2, 23029
What are the prime factors of 26341?
7, 53, 71
List the prime factors of 34940.
2, 5, 1747
List the prime factors of 800.
2, 5
List the prime factors of 226.
2, 113
List the prime factors of 934.
2, 467
What are the prime factors of 396?
2, 3, 11
What are the prime factors of 25850?
2, 5, 11, 47
What are the prime factors of 2270?
2, 5, 227
List the prime factors of 970.
2, 5, 97
List the prime factors of 11484.
2, 3, 11, 29
What are the prime factors of 2362?
2, 1181
List the prime factors of 1317.
3, 439
What are the prime factors of 47579?
7, 971
List the prime factors of 1348.
2, 337
What are the prime factors of 130614?
2, 3, 11, 1979
What are the prime factors of 8849?
8849
What are the prime factors of 14716?
2, 13, 283
List the prime factors of 6550.
2, 5, 131
What are the prime factors of 106476?
2, 3, 19, 467
List the prime factors of 1040.
2, 5, 13
What are the prime factors of 1838?
2, 919
List the prime factors of 27561.
3, 9187
List the prime factors of 24597.
3, 911
List the prime factors of 3716.
2, 929
What are the prime factors of 2166?
2, 3, 19
What are the prime factors of 15708?
2, 3, 7, 11, 17
List the p